are the prime factors of n(-6)?
2, 3, 97
Let v = 2252 - 477. What are the prime factors of v?
5, 71
Let z be 3/(-4) - (-1)/(20/55). Suppose -4*n = y + 84 - 385, z*y + 3*n - 587 = 0. List the prime factors of y.
17
Let y(r) be the third derivative of r**5/15 + 43*r**4/24 - 8*r**3/3 - 36*r**2. List the prime factors of y(-15).
239
Suppose -667*f + 614*f + 538712 = -569094. What are the prime factors of f?
2, 7, 1493
Suppose 17*i - 33371 = 4*i. What are the prime factors of i?
17, 151
Let g = -669 + 726. Suppose -97552 = a - g*a. List the prime factors of a.
2, 13, 67
Suppose 0 = 13*n - 130 + 2067. Let u = n - -909. Suppose -2*o + u = 8*o. List the prime factors of o.
2, 19
Let t = -17 + -10. Let g = -23 - t. List the prime factors of g/(-2) + (-1080)/(-10).
2, 53
Let r(y) = 2*y + 67. Let d be r(0). Suppose 7*g = d - 424. Let q = g - -55. List the prime factors of q.
2
Suppose -z + 3*f = -56943, 3*f - 103185 = -5*z + 181458. What are the prime factors of z?
3, 7, 2711
Suppose 12541 = 4*w - y, -5*y = 4*w + 3*y - 12532. List the prime factors of w.
3, 5, 11, 19
Suppose -694 - 11 = 5*h. Let i = -72 - h. Suppose -i = 3*g - 6*g. List the prime factors of g.
23
Let b(h) = 2*h - 1. Let d be b(1). What are the prime factors of -4*d/(-2) + 67?
3, 23
Let d be (2/6)/1*(39 + -42). List the prime factors of d/(-2)*(1639 - -3).
821
Let j(s) = 8*s**3 + 2*s**2 - 3*s - 3. Let k be j(7). Suppose 5*y - 5*a + a = k, 0 = -3*y + 5*a + 1696. What are the prime factors of y?
2, 281
Suppose 15*i + 6786 = -14*i. Let l = -91 - i. What are the prime factors of l?
11, 13
Let m(k) be the third derivative of 0*k - k**3 + 1/4*k**4 + 6*k**2 + 0. List the prime factors of m(4).
2, 3
Let q(b) = -1448*b + 1859. List the prime factors of q(-7).
5, 2399
Let g(m) = m**3 - 5*m**2 - 5*m - 5. Let z be g(7). Let u = 56 - z. What are the prime factors of (2*94/2)/(u/(-3))?
3, 47
Suppose v = -7*r + 546187, 57*v - 156042 = -2*r + 59*v. What are the prime factors of r?
2, 13, 3001
Let h = -227 + 239. Let b(a) = -17*a + 340. List the prime factors of b(h).
2, 17
Let o be ((-30)/12)/(4/(-8)) - -424. Let h = o + 177. What are the prime factors of h?
2, 3, 101
Let t = -50 + 70. Let d be (24/90*-3)/((-3)/15). Let u = t + d. List the prime factors of u.
2, 3
Let l(w) = -w**3 + w**2 - 2*w. Suppose -4*y - 14 = -14. Let z be l(y). What are the prime factors of -1 - -9 - 3 - z - -2?
7
List the prime factors of 1892712/255*(7 + -2).
2, 4639
Let a(r) = -558*r - 434. What are the prime factors of a(-12)?
2, 31, 101
Let r be 1/3*(19 - (6 - 5)). Suppose b = -r*b - 133. Let n = b + 27. What are the prime factors of n?
2
Suppose 1811 + 503 = 3*m - 5*k, 0 = -5*m + k + 3886. Let g = m + -410. List the prime factors of g.
2, 23
Suppose 5*f + 5*w - 34788 - 5147 = 0, 4*w + 39917 = 5*f. List the prime factors of f.
5, 1597
Suppose 598 = 6*f + 1870. Let s = f + 332. Let u = s - 2. What are the prime factors of u?
2, 59
Let n be -1 + -1 + (-2)/(-2)*10. Suppose 0*q + 2*q + n = 0. Let l(i) = -3*i**3 + 3*i**2 - 6*i - 2. What are the prime factors of l(q)?
2, 131
Let i be (-14 + 38)/(-6) - (-2388 - 1). Suppose 1133 - 336 = q + v, -v + i = 3*q. What are the prime factors of q?
2, 397
Let l(d) = -d**3 - 8*d**2 - 7*d + 1. Let a be l(-7). Let s be -12*(1 + (-8)/6). List the prime factors of a - 2/s - (-1395)/62.
23
Let j(f) be the second derivative of 11*f**4/6 - 3*f**3/2 + 27*f**2/2 - 11*f. List the prime factors of j(7).
2, 521
Let v = 23617 + -7869. List the prime factors of v.
2, 31, 127
Let s = 22 + 44. Let x be 3/(-2)*(-3100)/(-75). Let j = s - x. What are the prime factors of j?
2
List the prime factors of ((-7)/2)/((-12)/(20178648/147)).
40037
Let o be (96/(-9))/(4/(-42)). Suppose -o*f + 110*f = -32. Let h = 170 - f. List the prime factors of h.
2, 7, 11
Let c(z) = z**2 + 15*z + 41. Let q be c(-14). Let o = -23 + q. Suppose 3*l - o*m = 227 + 264, 2*l - 318 = 5*m. What are the prime factors of l?
13
Suppose 1686 = 28*w - 414. Suppose w*r - 77*r = -898. List the prime factors of r.
449
Let a be 1/(-1*(-3)/63). Suppose 5*u + 123 = 4*p - 94, -3*u - 107 = -2*p. Let t = p - a. What are the prime factors of t?
37
Let z be (1 + 6/8)/((-2)/(-8)). Let q(i) = -i**3 + 13*i**2 + i - 18. What are the prime factors of q(z)?
283
Let x(d) = -15*d - 179. Let c be x(-12). Let g(m) = 46*m**2 - 4*m. List the prime factors of g(c).
2, 3, 7
Suppose -2*b - 1 = -3*h - 28, 0 = -4*b + 2*h + 50. What are the prime factors of 144 + (28/16 - (-3)/b)?
2, 73
Let b(d) = 166*d + 1093. List the prime factors of b(113).
3, 13, 509
Let g(i) = -1022*i - 2085. What are the prime factors of g(-9)?
3, 2371
Let f = -88 + 2909. What are the prime factors of f?
7, 13, 31
Suppose -l + 99*k = 95*k - 8688, 4*l + 3*k = 34657. What are the prime factors of l?
2, 11, 197
Let n = 19977 - 12274. What are the prime factors of n?
7703
Suppose 3*r - 525 = -5*o + 4*r, -4*o + 391 = 5*r. Suppose 4*q = -4*q + o. Suppose -2*x + q = -25. What are the prime factors of x?
19
Let n = 2355 - -508. Suppose -13*g + 5327 = -n. List the prime factors of g.
2, 3, 5, 7
Suppose -3*u + 80 = -23*u. What are the prime factors of ((-74)/(-111))/((u/(-1218))/1)?
7, 29
Suppose 0 = 2*g + 4 - 18. Suppose g*f - 6 = f. List the prime factors of (f + -2)/(10/(-340)).
2, 17
Suppose -5*w = 4*p - 25, 0*w = -p - 2*w + 7. Suppose p*s = -0*s + 530. List the prime factors of s.
2, 53
Let s be 4/14 + 1252/28. Let j = s + -42. List the prime factors of 10/(-1)*(4 + (-42)/j).
2, 5
Let y be 21/2*(-170)/15. Let q = -481 + 278. Let h = y - q. List the prime factors of h.
2, 3, 7
Suppose -4*z - 1462 = -6*z. Suppose -3*c - s = 162 - 714, -4*c = 3*s - z. Let a = -83 + c. List the prime factors of a.
2, 3, 17
Suppose g = -l + 247, -6*g - 496 = -8*g - 3*l. Suppose -40 = z - g. List the prime factors of z.
5, 41
Let c(h) = h**3 - 18*h**2 + h + 16484. List the prime factors of c(0).
2, 13, 317
Let m = -10911 + 21475. List the prime factors of m.
2, 19, 139
Let j = -16 - -1. Let c(g) = 6*g**2 + 2*g**2 + 2*g**2 - 6*g**2 - 3*g**2 + 9*g. What are the prime factors of c(j)?
2, 3, 5
Suppose 0 = 7*m - 0*m - 280. Let d be m + (8 + -10 - -3*1). What are the prime factors of d*8/(-14)*(-49)/14?
2, 41
Let o be 1/4 + (-3 - (-54)/8). Suppose 3*b = o*b + 9. Let m = 216 - b. What are the prime factors of m?
3, 5
Let x(h) = -499*h + 1843. What are the prime factors of x(-33)?
2, 5, 1831
Let c(v) = -v**3 + v**2 + 4*v + 8. Let y(x) = -x**3 - 7*x**2 + 3*x + 17. Let o be y(-7). Let q be c(o). What are the prime factors of (q/14)/((-750)/252 - -3)?
2, 3
Let c(q) = 29*q - 378. Let g be c(13). Let j(k) = 423*k**2 + 4*k + 4. List the prime factors of j(g).
3, 47
Let j = -6603 + 36596. What are the prime factors of j?
89, 337
Suppose 3*y - 122 = -2*p, 2*y + 3*p - 102 = -24. Suppose -24*t + y*t = 7002. List the prime factors of t.
389
Suppose 3*p + 3*w + 316 - 412 = 0, 0 = -5*p + 4*w + 142. List the prime factors of p.
2, 3, 5
Let n = -604 + 607. Suppose 9*r - 6*r - 159 = -n*i, 4*r - i = 217. List the prime factors of r.
2, 3
Suppose 3*x - 8*x + 875 = 0. Suppose 21*r - 36*r + 60 = 0. Suppose -f + 637 = r*o, -3*f - x = -2*o + 154. What are the prime factors of o?
2, 5
Let p = 27682 + -17297. List the prime factors of p.
5, 31, 67
Let k(l) = 677*l - 43. Let y be k(3). Suppose 6*p + 482 = y. What are the prime factors of p?
251
Suppose 6*c = 101 - 29. Suppose 132 = -8*g + c*g. What are the prime factors of g?
3, 11
Let f(h) = 8*h - 29. Let k be f(4). What are the prime factors of (4/2 + k)*(-905)/(-25)?
181
What are the prime factors of ((-68)/(-136))/(-2 - 697268/(-348632))?
43579
Suppose -4*z + 51565 = -3*p, 3*z + 3*p - 52882 + 14224 = 0. List the prime factors of z.
12889
Let j be 133/21*141 + 3 + -2. Let x = j + -448. List the prime factors of x.
2, 223
Suppose 0 = 19*a - a - 540. List the prime factors of (852/16)/(a/440).
11, 71
Suppose 10 = -d + 6*d. Suppose -27*f + 31*f - 2*p - 3458 = 0, -2*p - d = 0. List the prime factors of f.
2, 3
Suppose 9*r + 4*b - 24 = 5*r, 0 = -5*r - 2*b + 21. Suppose 0 = 4*d - r*i - 1318 - 1297, 4*d + 3*i = 2609. What are the prime factors of d?
653
Let r = -23 - -51. Let b be (-34)/14 - 16/r. What are the prime factors of 142/8 + b/(-12)?
2, 3
Suppose 4*k - 4*q = -k - 3, 21 = -3*k - 4*q. Let p be (-6)/k + (